{"id":11,"date":"2017-01-09T11:17:40","date_gmt":"2017-01-09T10:17:40","guid":{"rendered":"http:\/\/bowling-star.de\/rob\/?page_id=11"},"modified":"2024-09-25T17:17:55","modified_gmt":"2024-09-25T15:17:55","slug":"impressum","status":"publish","type":"page","link":"https:\/\/www.bowling-star.de\/index.php\/impressum\/","title":{"rendered":"Impressum\/Datenschutz"},"content":{"rendered":"<p>Bowling-Star Halle<br \/>\nFreizeit-Sport-Beratung GmbH<br \/>\nDelitzscher Strasse 63a &#8230; 06112 Halle\/Saale<br \/>\nTelefon: 0345 . 566 393<br \/>\nTelefax: 0345 . 566 3949<br \/>\nE-Mail: <a title=\"Mailadresse Bowling Star\" href=\"mailto:reservierung@bowling-star.de\">reservierung@bowling-star.de<\/a><\/p>\n<p>Vertretungsberechtigte und Gesellschafter\/Gesch\u00e4ftsf\u00fchrer: Maria und Robert K\u00f6nig<br \/>\nRegistergericht: Amtsgericht Stendal<br \/>\nRegisternummer: HRB 17882<br \/>\nUst-ID und Wirtschafts ID: 110\/107\/12671<br \/>\nZulassungs- u. Aufsichtsbeh\u00f6rde \u00a7 30 GastG: Gewerbeaufsichtsamt, Landesamt f. Verbraucherschutz des Landes Sachsen-Anhalt<\/p>\n<p><strong>Disclaimer<\/strong><\/p>\n<p>Bei der Zusammenstellung der Website wurde sich um gr\u00f6\u00dftm\u00f6gliche Sorgfalt bem\u00fcht. Eine Haftung oder Garantie f\u00fcr die Aktualit\u00e4t, Richtigkeit und Vollst\u00e4ndigkeit der zur Verf\u00fcgung gestellten Informationen und Daten ist jedoch ausgeschlossen. Dies gilt ebenso f\u00fcr alle anderen Websites, auf die mittels Hyperlinks verwiesen wird. Das Unternehmen beh\u00e4lt sich vor, ohne Ank\u00fcndigung, \u00c4nderungen oder Erg\u00e4nzungen der bereitgestellten Informationen oder Daten vorzunehmen.<\/p>\n<p>Copyright Freizeit-Sport-Beratung GmbH. Alle Rechte vorbehalten. Texte, Bilder, Grafiken und Flashs unterliegen dem Schutz des Urheberrechts und anderer Schutzgesetze. Der Inhalt dieser Websites darf nicht zu kommerziellen Zwecken kopiert, verbreitet, ver\u00e4ndert oder Dritten zug\u00e4nglich gemacht werden.<\/p>\n<p><strong>Markenverzeichnis<\/strong><\/p>\n<p>Soweit nicht anders angegeben, sind alle Markenzeichen markenrechtlich gesch\u00fctzt. Dies gilt insbesondere f\u00fcr Bowling-Star Firmenlogos und Produktnamen. Die auf unseren Seiten verwendeten Marken und Gestaltungselemente sind geistiges Eigentum der Freizeit-Sport-Beratung GmbH.<\/p>\n<p><strong>Datenschutzerkl\u00e4rung<\/strong><\/p>\n<p>Verantwortliche Stelle f\u00fcr die Datenverarbeitung, durch die Internetseiten www.bowling-star.de, www.bowling-star-halle.de und www.bowling-star-hallesaale.de ist das Unternehmen:<\/p>\n<p>Bowling-Star Halle, Freizeit-Sport-Beratung GmbH, Delitzscher Strasse 63a &#8230; 06112 Halle\/Saale<\/p>\n<p>Die Freizeit-Sport-Beratung GmbH als Betreiber dieser Seite nimmt den Schutz Ihrer pers\u00f6nlichen Daten sehr ernst. Die Nutzung der Webseiten ist ohne Angabe personenbezogener Daten m\u00f6glich. Wir nutzen weder Cookies noch irgendwelche Werkzeuge zur Aufzeichnung Ihrer Nutzung dieser Webseiten. Personenbezogene Daten w\u00fcrden wir nur mit Ihrem Wissen und Ihrer Einwilligung sammeln. Wenn Sie eine Einwilligung zur Nutzung von Daten erteilt haben, k\u00f6nnen Sie diese jederzeit widerrufen. Es werden au\u00dferdem keine pers\u00f6nlichen Daten ohne Ihre ausdr\u00fcckliche Zustimmung an Dritte weitergegeben. Sie haben jederzeit das Recht auf Auskunft, Berichtigung, Sperrung oder L\u00f6schung Ihrer Daten. Diesbez\u00fcglich k\u00f6nnen Sie sich jederzeit an uns wenden: bowling-star@enviatel.net. Wir weisen darauf hin, dass die Daten\u00fcbertragung im Internet (z.B. bei der Kommunikation per E-Mail) Sicherheitsl\u00fccken aufweisen kann. Ein l\u00fcckenloser Schutz der Daten vor dem Zugriff durch Dritte ist technisch nicht m\u00f6glich.<\/p>\n<p>Wenn Sie uns per Kontaktformular Anfragen zukommen lassen, werden Ihre Angaben aus dem Anfrageformular inklusive der von Ihnen dort angegebenen Kontaktdaten zwecks Bearbeitung der Anfrage und f\u00fcr den Fall von Anschlu\u00dffragen bei uns gespeichert. Diese Daten geben wir nicht ohne Ihre Einwilligung weiter. Die Verarbeitung der in das Kontaktformular eingegebenen Daten erfolgt somit ausschlie\u00dflich auf Grundlage Ihrer Einwilligung (Art. 6 Abs. 1 a DSGVO). Sie k\u00f6nnen diese Einwilligung jederzeit widerrufen. Dazu reicht eine formlose Mitteilung per E-Mail an uns. Die Rechtm\u00e4\u00dfigkeit der bis zum Widerruf erfolgten Datenverarbeitungsvorg\u00e4nge bleibt vom Widerruf unber\u00fchrt. Die von Ihnen im Kontaktformular eingegebenen Daten verbleiben bei uns, bis Sie uns zur L\u00f6schung auffordern, Ihre Einwilligung zur Speicherung widerrufen oder der Zweck f\u00fcr die Datenspeicherung entf\u00e4llt (z.B. nach abgeschlossener Bearbeitung Ihrer Anfrage). Zwingende gesetzliche Bestimmungen \u2013 insbesondere Aufbewahrungsfristen \u2013 bleiben unber\u00fchrt.<\/p>\n<p>Der Provider unserer Seiten (ALL-INKL.COM &#8211; Neue Medien M\u00fcnnich, Inhaber: Ren\u00e9 M\u00fcnnich, Hauptstra\u00dfe 68, D-02742 Friedersdorf, Telefon: +49 35872 353-10, E-Mail: info@all-inkl.com, Umsatzsteuer-ID: DE 212657916, Steuernummer: 208\/251\/03091) erhebt und speichert automatisch Informationen in so genannten Server-Log Files, die Ihr Browser automatisch an uns \u00fcbermittelt. Dies sind Browsertyp und Browserversion, verwendetes Betriebssystem, Referrer URL, Hostname des zugreifenden Rechners und Uhrzeit der Serveranfrage. Diese Daten sind nicht bestimmten Personen zuordenbar. Eine Zusammenf\u00fchrung dieser Daten mit anderen Datenquellen wird nicht vorgenommen. Die Daten werden zudem nach einer statistischen Auswertung gel\u00f6scht.<\/p>\n<p><strong>Google Maps<\/strong><\/p>\n<p>Diese Website benutzt die Google Maps API. Hierbei handelt es sich um einen Kartendienst der Alphabet Inc. (&#8222;Google&#8220;), zur Darstellung einer interaktiven Karte. Durch die Nutzung von Google Maps k\u00f6nnen Informationen \u00fcber Ihre Benutzung dieser Website (einschliesslich Ihrer IP-Adresse) an einen Server von Google in den USA \u00fcbertragen und dort gespeichert werden. Sofern dies gesetzlich vorgeschrieben ist, oder soweit Dritte diese Daten im Auftrag von Google verarbeiten, wird Google die durch Google Maps gewonnenen Informationen gegebenenfalls an Dritte \u00fcbertragen. Es w\u00e4re technisch m\u00f6glich, dass Google aufgrund der erhaltenen Daten eine Identifizierung zumindest einzelner Nutzender vornehmen k\u00f6nnte. Es w\u00e4re m\u00f6glich, dass personenbezogene Daten und Pers\u00f6nlichkeitsprofile von Nutzern der Website von Google f\u00fcr andere Zwecke verarbeitet werden k\u00f6nnten. Hierauf haben wir jedoch keinen Einfluss. Dies ist problematisch, zumal diese Daten au\u00dferdem in die USA \u00fcbermittelt werden. Sie k\u00f6nnen jedoch den Datentransfer verhindern, indem sie den Service von Google Maps deaktivieren. Hierzu m\u00fcssen Sie lediglich JavaSkript in Ihrem Browser deaktivieren. In diesem Fall k\u00f6nnen Sie die Kartenanzeige jedoch nicht mehr nutzen.<\/p>\n<p><strong>Startnext (Projekt-Widget)<\/strong><\/p>\n<p>Hiermit weisen wir auf die Datenschutzrichtlinien von Startnext hin, da diese f\u00fcr die Datenverarbeitung des Projekt-Widgets gelten. Wir nutzen auf unserer eingangs benannten Website ein sog. Widget von der Startnext Crowdfunding GmbH, Grundstra\u00dfe 1, 01326 Dresden (im Folgenden \u201eStartnext\u201c genannt). Das Widget funktioniert dabei wie ein Link zu der jeweils projektbezogenen Seite von Startnext. Startnext ist eine Online-Plattform, \u00fcber welche nat\u00fcrliche und juristische Personen sowie rechtsf\u00e4hige Personenmehrheiten Projekte der \u00d6ffentlichkeit vorstellen, durch Dritte finanzieren sowie selbst unterst\u00fctzen k\u00f6nnen. Startnext erhebt allein durch die Nutzung des Widgets weder personenbezogene Daten \u00fcber unsere Website von dir, noch werden dabei Cookies auf deinem Endger\u00e4t gesetzt. Nutzt Du aber die Funktionen des Widgets, so wirst Du auf startnext.com weitergeleitet. Die f\u00fcr die insoweit verlinkte Website geltenden Datenschutzbestimmungen von Startnext kannst du unter <a href=\"https:\/\/www.startnext.com\/info\/agb\/datenschutz.html\">https:\/\/www.startnext.com\/info\/agb\/datenschutz.html<\/a> abrufen.<\/p>\n<p><strong>Allgemeines<\/strong><\/p>\n<p>Mit Urteil vom 12. Mai 1998 hat das Landgericht Hamburg entschieden, dass man durch die Ausbringung eines Links die Inhalte der gelinkten Seite ggf. mit zu verantworten hat. Dies kann &#8211; so das LG &#8211; nur dadurch verhindert werden, dass man sich ausdr\u00fccklich von diesen Inhalten distanziert. Wir haben auf diesen Seiten Links zu anderen im Internet gelegt. F\u00fcr all diese Links gilt: Wir m\u00f6chten ausdr\u00fccklich betonen, dass wir keinerlei Einfluss auf die Gestaltung und die Inhalte der gelinkten Seiten haben. Deshalb distanzieren wir uns &#8222;ausdr\u00fccklich&#8220; von allen Inhalten aller gelinkten Seiten auf dieser Seite und machen uns Ihre Inhalte nicht zueigen. Diese Erkl\u00e4rung gilt f\u00fcr alle auf unserer Internetseite angebrachten Links.<\/p>\n","protected":false},"excerpt":{"rendered":"<p>Bowling-Star Halle Freizeit-Sport-Beratung GmbH Delitzscher Strasse 63a &#8230; 06112 Halle\/Saale Telefon: 0345 . 566 393 Telefax: 0345 . 566 3949 E-Mail: reservierung@bowling-star.de Vertretungsberechtigte und Gesellschafter\/Gesch\u00e4ftsf\u00fchrer: Maria und Robert K\u00f6nig Registergericht: Amtsgericht Stendal Registernummer: HRB 17882 Ust-ID und Wirtschafts ID: 110\/107\/12671 Zulassungs- u. Aufsichtsbeh\u00f6rde \u00a7 30 GastG: Gewerbeaufsichtsamt, Landesamt f. Verbraucherschutz des Landes Sachsen-Anhalt Disclaimer Bei [&hellip;]<\/p>\n","protected":false},"author":1,"featured_media":0,"parent":0,"menu_order":99,"comment_status":"closed","ping_status":"closed","template":"","meta":{"footnotes":""},"class_list":["post-11","page","type-page","status-publish","hentry"],"_links":{"self":[{"href":"https:\/\/www.bowling-star.de\/index.php\/wp-json\/wp\/v2\/pages\/11","targetHints":{"allow":["GET"]}}],"collection":[{"href":"https:\/\/www.bowling-star.de\/index.php\/wp-json\/wp\/v2\/pages"}],"about":[{"href":"https:\/\/www.bowling-star.de\/index.php\/wp-json\/wp\/v2\/types\/page"}],"author":[{"embeddable":true,"href":"https:\/\/www.bowling-star.de\/index.php\/wp-json\/wp\/v2\/users\/1"}],"replies":[{"embeddable":true,"href":"https:\/\/www.bowling-star.de\/index.php\/wp-json\/wp\/v2\/comments?post=11"}],"version-history":[{"count":0,"href":"https:\/\/www.bowling-star.de\/index.php\/wp-json\/wp\/v2\/pages\/11\/revisions"}],"wp:attachment":[{"href":"https:\/\/www.bowling-star.de\/index.php\/wp-json\/wp\/v2\/media?parent=11"}],"curies":[{"name":"wp","href":"https:\/\/api.w.org\/{rel}","templated":true}]}}