{"id":378,"date":"2017-03-29T15:02:24","date_gmt":"2017-03-29T13:02:24","guid":{"rendered":"http:\/\/bowling-star.de\/rob\/?page_id=378"},"modified":"2026-01-07T16:39:30","modified_gmt":"2026-01-07T15:39:30","slug":"gastronomie","status":"publish","type":"page","link":"https:\/\/www.bowling-star.de\/index.php\/gastronomie\/","title":{"rendered":"Gastronomie"},"content":{"rendered":"<h3>Die M\u00f6glichkeiten im Bowling-Star \u2013 Gastronomie.<\/h3>\n<p><img decoding=\"async\" src=\"http:\/\/bowling-star.de\/wp-content\/uploads\/gastro.jpg\" alt=\"\" width=\"100%\" height=\"auto\" \/><\/p>\n<p>Sie haben Geburtstag oder m\u00f6chten eine Familienfeier veranstalten? Sie suchen eine Lokalit\u00e4t f\u00fcr Ihre Weihnachtsfeier, Jugendweihe, Konfirmation oder ihr Firmenjubil\u00e4um? Dann sprechen sie mit uns. Wir haben bestimmt das richtige Angebot f\u00fcr Ihre Veranstaltung in unserem Programm. Wir sind ein junges dynamisches Team, mit langj\u00e4hriger Erfahrung das Ihr Event zu einem einmaligen Erlebnis werden l\u00e4sst. Erleben Sie Ihren Tag beim Bowling und genie\u00dfen sie im nach hinein unserer Sportbar. Ein Catering k\u00f6nnen Sie nach Ihren W\u00fcnschen selbst organisieren. Unser Barbereich verf\u00fcgt \u00fcber max. 90 Pl\u00e4tze und ist r\u00e4umlich von den Bowlingbahnen getrennt. Gern unterst\u00fctzen wir Sie bei Ihrem Event und geben Tipps und Ideen weiter.<\/p>\n<p><img decoding=\"async\" src=\"http:\/\/bowling-star.de\/wp-content\/uploads\/gastronomie.jpg\" alt=\"\" width=\"100%\" height=\"auto\" \/><\/p>\n<p>Haben wir Sie neugierig gemacht? Dann wenden Sie sich bitte an unser Team unter der <a href=\"tel:+49345566393\">0345 . 56 63 93<\/a>. Wir stehen Ihnen gern jederzeit f\u00fcr Beratung und weitere Informationen zur Verf\u00fcgung.<\/p>\n<p>&nbsp;<\/p>\n","protected":false},"excerpt":{"rendered":"<p>Die M\u00f6glichkeiten im Bowling-Star \u2013 Gastronomie. Sie haben Geburtstag oder m\u00f6chten eine Familienfeier veranstalten? Sie suchen eine Lokalit\u00e4t f\u00fcr Ihre Weihnachtsfeier, Jugendweihe, Konfirmation oder ihr Firmenjubil\u00e4um? Dann sprechen sie mit uns. Wir haben bestimmt das richtige Angebot f\u00fcr Ihre Veranstaltung in unserem Programm. Wir sind ein junges dynamisches Team, mit langj\u00e4hriger Erfahrung das Ihr Event [&hellip;]<\/p>\n","protected":false},"author":1,"featured_media":0,"parent":0,"menu_order":55,"comment_status":"closed","ping_status":"closed","template":"","meta":{"footnotes":""},"class_list":["post-378","page","type-page","status-publish","hentry"],"_links":{"self":[{"href":"https:\/\/www.bowling-star.de\/index.php\/wp-json\/wp\/v2\/pages\/378","targetHints":{"allow":["GET"]}}],"collection":[{"href":"https:\/\/www.bowling-star.de\/index.php\/wp-json\/wp\/v2\/pages"}],"about":[{"href":"https:\/\/www.bowling-star.de\/index.php\/wp-json\/wp\/v2\/types\/page"}],"author":[{"embeddable":true,"href":"https:\/\/www.bowling-star.de\/index.php\/wp-json\/wp\/v2\/users\/1"}],"replies":[{"embeddable":true,"href":"https:\/\/www.bowling-star.de\/index.php\/wp-json\/wp\/v2\/comments?post=378"}],"version-history":[{"count":3,"href":"https:\/\/www.bowling-star.de\/index.php\/wp-json\/wp\/v2\/pages\/378\/revisions"}],"predecessor-version":[{"id":1828,"href":"https:\/\/www.bowling-star.de\/index.php\/wp-json\/wp\/v2\/pages\/378\/revisions\/1828"}],"wp:attachment":[{"href":"https:\/\/www.bowling-star.de\/index.php\/wp-json\/wp\/v2\/media?parent=378"}],"curies":[{"name":"wp","href":"https:\/\/api.w.org\/{rel}","templated":true}]}}